5729. What is the remainder when 143 is divided by n?
3
Suppose 0*u - 10*r - 419 = -u, -4*u + r = -1715. What is the remainder when 1335 is divided by u?
48
Suppose 3*x + 8 = 65. What is the remainder when 330 is divided by x?
7
Let l be 24/((-6)/(-4) - 0). Let b = l + -4. Let i = 540 + -519. What is the remainder when i is divided by b?
9
Let v be -5*3*(-4)/(-12). Let u(f) = -2*f + 31. What is the remainder when (-1 + v - 0)/((-12)/198) is divided by u(7)?
14
Let c(b) = -2*b**3 - 21*b**2 - 2*b + 113. What is the remainder when 153 is divided by c(-10)?
21
Let m(v) = v**2 + 2*v - 21. Calculate the remainder when 1461 is divided by m(7).
33
Let y(m) = 6*m + 48. Suppose 0 = 2*p - 3*j - 4, 3*p + 32 = -7*j + 2*j. What is the remainder when 47 is divided by y(p)?
23
Let w(a) = a**3 + 58*a**2 - 38*a + 1242. Suppose 0 = -2*u + 15 + 41. Calculate the remainder when u is divided by w(-59).
1
Suppose l - 2 = 0, 5*t + 3*l + 19 = 165. Suppose 3*y - 38 = -23. Suppose -5*f + 20 = -4*v, y*f + 3*v + v - 60 = 0. What is the remainder when t is divided by f?
4
Suppose -2744 = -26*o - 82*o - 476. What is the remainder when 2116 is divided by o?
16
Suppose -4 = 4*a - 36. Let n(f) = -f**2 + 13*f + 11. What is the remainder when 197 is divided by n(a)?
44
Let v(d) = -1337*d - 61 + 2699*d - 1344*d - d**2. Suppose j + 5*l - 40 = 0, 0*l = -4*j - 2*l + 196. What is the remainder when j is divided by v(13)?
2
Let j(d) = 400*d**2 + 15*d + 28. Calculate the remainder when j(-2) is divided by 39.
38
Let t(h) = 8*h - 2. Let r be t(-6). Let c = r + 44. Let g(l) = -2*l**2 - 15*l - 7. Calculate the remainder when 42 is divided by g(c).
9
Suppose 13*o = o + 108. Calculate the remainder when (4 - 3)/(3/66) is divided by o.
4
Suppose 9*x + 4736 = 17*x + 24*x. What is the remainder when 451 is divided by x?
7
Suppose -2*d - 670 = -7*d + 5*k, -3*k = -d + 136. Let a(q) = -15256*q - 91519. Calculate the remainder when d is divided by a(-6).
14
Let t(x) = -41*x + 32. Let i be t(-7). Suppose 7*f = -32 + i. Calculate the remainder when f is divided by 23.
18
Let g = 238 + -168. Let a = g - 42. Suppose -z - 268*b = -264*b + 2, -z + 3*b + 19 = 0. What is the remainder when a is divided by z?
8
What is the remainder when 854 + 17/(34/36) is divided by 166?
42
Suppose 6*z - 2*z - 124 = 0. Suppose -l + z = 29. Suppose -l*h = 5*c - 193 - 8, -c - 369 = -4*h. What is the remainder when h is divided by 24?
21
Suppose -1559 = -o - 2*f, 0 = -4*o - f + 1498 + 4738. What is the remainder when o is divided by 30?
29
Let g(f) be the first derivative of f + 27. Let w(o) = -11*o**2 - 3*o + 1. Let b(x) = -3*g(x) - w(x). Calculate the remainder when b(-3) is divided by 22.
20
Suppose 8*g = 360 + 96. Let f(o) = o**3 + 6*o**2 - 6*o - 5. Let t be f(-6). Let s = t - 21. What is the remainder when g is divided by s?
7
Let a(j) = -159*j + 13. What is the remainder when 16 is divided by a(0)?
3
Let g(o) = 2266*o - 2452. What is the remainder when g(4) is divided by 13?
8
What is the remainder when ((-3)/3*58)/(12/(-1518)*11) is divided by 57?
40
Let s(x) = -2*x**2 + 173*x + 136 - 379*x + 3*x**2 + 178*x. Suppose q - 5 = 0, 2*c + 5*q = 155 - 14. What is the remainder when s(31) is divided by c?
55
Suppose -9*d = 24*d - 13002. What is the remainder when d is divided by 14?
2
Suppose 0 = -7710*s + 7697*s + 1157. What is the remainder when s is divided by 64?
25
Suppose 5*o + d - 15 - 23 = 0, -4*o + 25 = -d. Suppose 28*i = -o*i + 1435. What is the remainder when i is divided by 11?
8
Suppose -2*d = d - 66. Suppose 25 = 2*p + 4*u - 43, 0 = -5*u + 10. Calculate the remainder when d is divided by (42/(-8))/(p/(-40)).
1
Let v(p) = -2*p**3 - 3*p**2 - 29*p - 92. Let j be 4/(-6) + (-102)/(-18). Suppose -32 - 3 = -j*o. Calculate the remainder when v(-3) is divided by o.
1
Suppose 3*f = -2*n + 64, n - 211*f - 42 = -210*f. Calculate the remainder when 2544 is divided by n.
36
Let o = 10926 + -10912. Calculate the remainder when 2601 is divided by o.
11
Let v(r) = -20*r + 67*r - 21 - 22*r - 14*r. Calculate the remainder when 80 is divided by v(5).
12
Let b = 89 - 65. Suppose -148 + b = -z. What is the remainder when z is divided by 5?
4
Let v(u) = -u**2 - 2*u - 1. Let i be v(-1). Suppose i = -2*z - 10*z + 120. Suppose -11*l = -z*l - 6. What is the remainder when l is divided by 6?
0
Suppose -3*t + 4*v + 3796 = 0, 3*t - 5*v + 1612 = 5403. Calculate the remainder when t is divided by (-13 + 11 - -4)*15/2.
12
Let w = -438 - -540. Calculate the remainder when w is divided by 27.
21
Let a = -3968 + 4301. What is the remainder when a is divided by 156?
21
Let c(q) = 15*q**3 - 12*q**2 + 4*q + 4. What is the remainder when c(4) is divided by 9?
5
Suppose 4*b - 3*t = 1461 + 170, 3*b = 4*t + 1225. Calculate the remainder when b is divided by 6.
5
Let o be 1/(-2) + 458/4. Let i = o + -38. Calculate the remainder when i is divided by ((-5616)/(-2322))/(-52) + 5600/215.
24
Suppose p + 12 = 3. Let l(t) = t**3 + 3*t**2 - 7*t - 22 + 5*t**2 - 2*t + 28. What is the remainder when 28 is divided by l(p)?
4
Let y be (-714)/66 - 34/187. What is the remainder when (57/9 + 0)*(-2 - y) is divided by (-3 - 1/(-1))*-2?
1
Let z = -151 + 157. Suppose -3*w + r + 99 = 0, -4*w - 3*r - 73 = -z*w. Calculate the remainder when 157 is divided by w.
29
Let v = -23110 - -23125. Calculate the remainder when (0 + 1 - 2)*-29 is divided by v.
14
Let j = 933 - 770. Suppose -x + 3*m + 33 = 2*m, 4*m + j = 5*x. Let t = 138 + -79. What is the remainder when t is divided by x?
28
Suppose 3457 = 36*t - 13931. What is the remainder when t is divided by 422?
61
Let q be (-3 - (-62)/22) + 8/44. Suppose q = 3*z - 804 + 591. Calculate the remainder when z is divided by 50.
21
Let j(g) = 51*g + 1093. Calculate the remainder when j(30) is divided by 16.
15
Let b = 477 + -302. Suppose b = 9*u - 14. Let q = 1 + u. What is the remainder when q is divided by 12?
10
Let q(a) = -a**2 + 9*a - 3. Suppose 13*v - 5549 = 8*v + 2*g, -2*g = -4*v + 4438. Let f = -1086 + v. What is the remainder when f is divided by q(6)?
10
Let d = 58 + -34. Suppose -2*p = -6*p + 4, -g = p - 115. Let k = g + -21. What is the remainder when k is divided by d?
21
What is the remainder when 1379 is divided by (10 + -3)*6*((-100)/35)/(-2)?
59
Let b = -14 - -16. Suppose 0 = -y, 4*l - 5*y + b - 14 = 0. Suppose -l*x + 8*x = 85. What is the remainder when x is divided by 4?
1
Let h(u) be the first derivative of u**2/2 + 20*u + 45. What is the remainder when (1 - -5)*(-1)/(-2) is divided by h(-19)?
0
Let q = 254 + -134. Calculate the remainder when (q/18)/((-10)/(-45)) is divided by 18.
12
Let g(h) = -2*h**2 - 24*h + 422. Calculate the remainder when 416 is divided by g(-20).
8
Let y = 1828 - 1723. Calculate the remainder when y is divided by 39.
27
Suppose 0 = -10*m - 40 + 10. Suppose p = 10 + 5. Calculate the remainder when (2/m)/((-22)/1947) is divided by p.
14
Let x(j) = j**3 + 22*j**2 - 15*j - 303. Let t(s) = 20*s - 4. What is the remainder when t(5) is divided by x(-22)?
15
What is the remainder when 989 is divided by ((-1617)/(-30) - -1) + 91/910?
54
Suppose 3*j + 3*b - 948 = 0, 4*j + j - 2*b = 1608. Let l = j - 220. What is the remainder when l is divided by 34?
32
Let v be (-22 + (-72)/(-8))/((-1)/8). Let k = v + 1010. What is the remainder when k is divided by 31?
29
Let j be (88/(-18))/(8/(-36)). Calculate the remainder when 273 is divided by j*(63/(-14) + 5).
9
Let r(n) = 2*n - 11. Suppose -2*p = -3*h - 4, -30 = -p - 5*h - 2. Calculate the remainder when p is divided by r(8).
3
What is the remainder when 707 is divided by (-2)/(-2 + 14) - 29/((-4350)/105175)?
6
Let x = -44 - -74. Suppose 0 = 2*c + 5*a + 364, 482 = -4*c - 3*a - 274. Calculate the remainder when x is divided by (-20)/(-6)*c/(-40).
14
Let k = 127 + -117. Suppose 2*m + 624 = k*m. What is the remainder when m is divided by (-295)/(-15) - (-1)/3?
18
Suppose 414 = 2*n + 7*n. Let x(i) = -n - 2*i + 88 + i. Calculate the remainder when x(-12) is divided by 21.
12
Let z(o) be the first derivative of o**4/4 + 17*o**3/3 + 8*o**2 + 23*o - 253. What is the remainder when z(-16) is divided by 13?
10
Let l(n) = -5*n - 7. What is the remainder when l(-6) is divided by ((-56)/49)/(112/(-1372))?
9
Let a(q) = 2*q**3 - 4*q**2 - 4621*q + 13860. What is the rema